 z + c = 0, b - 182 = -4*z - 64. What are the prime factors of b?
2, 59
Let q(x) = -x**3 - x**2 - 59*x + 15700. What are the prime factors of q(0)?
2, 5, 157
Let z(h) = 19*h - 60. Suppose -38*j + 179 = -125. What are the prime factors of z(j)?
2, 23
Suppose -5*h + 5681 = 2*p + 452, -4*p = -2*h + 2106. Let f = h - 683. What are the prime factors of f?
2, 7, 13
Suppose -21*t = -13*t - 16. Suppose -t*u = -35 - 103. List the prime factors of u.
3, 23
Let d = -75 - -79. Suppose d*h + 5*k - 25 = 0, k - 2*k = -4*h + 43. List the prime factors of ((-4)/(-6))/(h/1065).
71
Suppose 0*m - 5*m = -45. Suppose 4 = m*i - 77. Suppose -i*s + 38 = -7*s. What are the prime factors of s?
19
Let t = 392 + -294. Suppose -o + 4*y + t = -216, 315 = o - 3*y. What are the prime factors of o?
2, 3, 53
Let m = -2158 - -3727. Suppose 38*z - 1167 = m. What are the prime factors of z?
2, 3
Let a be (-96338)/(-66) + (-2 - (-4)/3). Suppose 0 = 14*y + a - 4161. What are the prime factors of y?
193
Suppose 638 - 3586 = 11*j. What are the prime factors of (j/(-20))/(10/50)?
67
Let l(b) = 2*b**3 + 5*b**2 + 7*b + 1. Let n = 49 + -44. List the prime factors of l(n).
3, 137
Let g be 69*(-5)/(1 - 16). Suppose 4*s + 3*o = -3 + g, -2*s = 4*o - 20. Suppose 0 = 5*z - s + 27, b + 3*z + 10 = 0. List the prime factors of b.
5
Suppose -4*m + 5967 + 23253 = 4*a, 0 = -a - 1. List the prime factors of m.
2, 13, 281
Let t = 89 + 153. Let w = t - 26. Let y = w + -56. What are the prime factors of y?
2, 5
Let i be ((-28)/5)/(-1 + (-3)/(-5)). Suppose -i*s = -19*s + 500. Suppose 3*p - g = 64, 0 = 5*p - 0*p + 5*g - s. List the prime factors of p.
3, 7
Let u(b) = b + 7. Let i = -11 + 14. Let o be u(i). List the prime factors of (-2)/o + 164/20.
2
Let w(f) = 3217*f - 50. List the prime factors of w(3).
9601
Suppose -4*x + 8764 + 6080 = 4*q, 2*q = x + 7431. List the prime factors of q.
2, 3, 619
Let g = -4863 - -6938. Let u = g + -1367. What are the prime factors of u?
2, 3, 59
Suppose 2088580 = 245*h - 129*h. List the prime factors of h.
5, 13, 277
Let m = -14150 + 21684. What are the prime factors of m?
2, 3767
Suppose 185*f = 189*f + a - 127760, -4*a - 63898 = -2*f. What are the prime factors of f?
3, 7, 13
Suppose -2*r - 6266 = 4*n + 2292, -2142 = n + 3*r. Let s = 3254 + n. What are the prime factors of s?
5, 223
Suppose 0*v - 7*v = -56. Let f be 8 + -2*12/v. Let l = f + -3. List the prime factors of l.
2
Let v = 1131 - -52478. What are the prime factors of v?
53609
Suppose 41*o = 68727 + 56856. What are the prime factors of o?
3, 1021
Let h be (-2)/9 - 11024/1908. Suppose 4894 = 4*w + 2*c, 0*c - 4888 = -4*w - 4*c. What are the prime factors of h/27 + w/45?
3
Let f(j) = 19*j + 14. Let d(n) = -17*n - 16. Let k(w) = -4*d(w) - 3*f(w). What are the prime factors of k(14)?
2, 11
Let n = 5311 - -4485. List the prime factors of n.
2, 31, 79
Let x = -202 - -436. Suppose x*y = 229*y + 2085. List the prime factors of y.
3, 139
Let u(n) = 8*n - 35. Let q be u(5). Suppose -z = -b - 0*b - 347, 0 = -q*b. What are the prime factors of z?
347
Let g(i) = i**2 + 77*i - 66. List the prime factors of g(40).
2, 3, 769
Let g = -49908 - -76996. List the prime factors of g.
2, 1693
Suppose -2*y = 2*k - 16774, -14*k + 9*k - 2*y + 41959 = 0. What are the prime factors of k?
5, 23, 73
Let g = -220 - -8510. What are the prime factors of g?
2, 5, 829
Let u be (-3)/2*4/3. Let z be -1*(5 + u) + 5 + 1. List the prime factors of z/1*-1 + 120.
3, 13
Let s(p) = p**3 + 20*p**2 - 2*p + 13. Let r be s(-17). Suppose 5*i + 567 = 3*l, -i + 3*i = -5*l + r. What are the prime factors of (3/2)/(12/l)?
23
Let d(b) = 4991*b - 541. List the prime factors of d(2).
3, 1049
Let x be ((-30233)/196)/((-1)/(-4)). Let d = x + 703. List the prime factors of d.
2, 43
Let v(b) = 10*b**2 - 3*b + 83. Let s = 655 - 646. What are the prime factors of v(s)?
2, 433
Let a be 7/14 + (-2414)/(-4). Let r = -400 + a. List the prime factors of r.
2, 3, 17
Let o = -12712 - -76420. List the prime factors of o.
2, 3, 5309
Let s be (-2)/(-9) + 8/(-72)*-655. Let o = 899 - s. What are the prime factors of o?
2, 7, 59
Let j = -383 - -549. Let i = 702 - j. What are the prime factors of i?
2, 67
Let w = 58438 - 13564. List the prime factors of w.
2, 3, 277
Let p(x) = x**3 - 17*x**2 - 12*x - 37. Suppose -3*j + 3*u - 6*u + 72 = 0, -4*j + 5*u + 51 = 0. List the prime factors of p(j).
457
What are the prime factors of (869 - (-8)/2)*124/4?
3, 31, 97
Suppose 1086588 = 40*u + 14*u. What are the prime factors of u?
2, 10061
Let z(d) = -11*d + 1. Suppose 4*k - 41 = -5*s, 50 - 10 = 5*k - 5*s. Let w be z(k). Let b = w + 145. List the prime factors of b.
47
Let p be (-365)/2 + (-2)/4. Let i(o) = -o**2 + 127*o - 3380. Let k be i(32). Let s = p - k. What are the prime factors of s?
157
Let y = -591 + 599. Let x(m) = 7*m**3 - 15*m**2 - m + 1. Let b(h) = 3*h**3 - 8*h**2. Let q(s) = -5*b(s) + 2*x(s). List the prime factors of q(y).
2, 3, 19
Let b(a) = a**2 + 4*a - 61. Let q be b(6). List the prime factors of -6 - (q + 2)*-296.
2, 5, 29
Let l = 105 + -99. Suppose 12*d - l*d - 4266 = 0. List the prime factors of d.
3, 79
Let r(g) = 2*g**3 + 52*g**2 - 12*g + 72. What are the prime factors of r(23)?
2, 25819
Suppose 21*o - 22*o + 134 = 0. Let q = 363 - o. List the prime factors of q.
229
Suppose 0*u = 2*n + 4*u, 3*n - 45 = 3*u. Let j be ((-6)/10)/((-3)/n). Suppose -4*i - 75 = -3*b + 259, j*i = -b + 108. List the prime factors of b.
2, 5, 11
Let z = -6 - -11. Suppose -125 = -2*m + z*h, -h - 201 = -3*m + 2*h. Let f = 106 - m. What are the prime factors of f?
2, 3
Suppose 2*w = 2*j + 17980, 31*w = 28*w - 3*j + 26988. List the prime factors of w.
17, 23
Let p be 3/(-2 + (-35)/(-14)). What are the prime factors of (3883/22)/(3/p)?
353
Let f = -11 - -15. Suppose -12*x + 248 = -f*x. Suppose -x + 4 = -m. List the prime factors of m.
3
Let d be (-15)/2*(11/5 + -3). What are the prime factors of -74*d/8*(-32)/12?
2, 37
Let m be 5*-5*1/1. Let n be ((-6)/(-15))/(5/m). List the prime factors of 148 - (0/n)/3.
2, 37
Let m(g) = -658*g + 77. Let j be -2*5/45*9. What are the prime factors of m(j)?
7, 199
Suppose -8*r + 214 = -98. Suppose 0 = u - r - 372. What are the prime factors of u?
3, 137
What are the prime factors of (12 - -21331) + -30 + (-3)/3*-2?
3, 5, 7, 29
Let k = 2789 + -5162. What are the prime factors of 16/(-80) - k/15?
2, 79
Let n(z) = -z**2 + 3*z - 6. Let q be n(6). Let h be (-1 - 7/5)/((-9)/30). List the prime factors of ((-226)/6)/(h/q).
113
Suppose -43*x - 24719 = -152*x + 333237. What are the prime factors of x?
2, 821
Let f = 57 + -13. Suppose 2*p + 2*q = f, 6*p - 2*q = 2*p + 118. Suppose 114*n + p = 115*n. List the prime factors of n.
3
Let f(k) = -k**3 + 5*k**2 + 3*k + 18. Let h be f(6). Suppose -3*p = -4*v + 1403, h = p + 3 + 2. What are the prime factors of v?
347
Let u be 57/21 + (2 - 48/28). Suppose -u*n + 133 = 4*i - 837, -n + 5*i = -336. What are the prime factors of n?
2, 163
What are the prime factors of (((-314)/(-4))/((-5)/215))/((-2)/24)?
2, 3, 43, 157
Suppose 0 = 3*j + 3*s - 1320, -12*j - 2*s = -9*j - 1315. Let k = -351 + j. List the prime factors of k.
2, 3, 7
Suppose 19*z + 33959 = 140990 + 461525. List the prime factors of z.
2, 7481
Let u = 58 + -86. Let z = 18 + u. What are the prime factors of (-339)/(-5) + 38/z + 4?
2, 17
Suppose 65*m = 62*m. Suppose m = 21*y - 18*y + 27. What are the prime factors of (56/(-12))/7 - 1320/y?
2, 73
Let t(i) = 847*i**2 + 17*i + 35. What are the prime factors of t(-2)?
3389
Suppose -5*x - p + 685 = -x, 3*p + 353 = 2*x. Let k = 645 - x. Suppose -5*a - 2*y + 201 = -k, -4*a + 5*y = -559. What are the prime factors of a?
2, 17
Let q = -144 - -249. Let u = 19 + q. List the prime factors of u.
2, 31
Let q = 1178 - 517. Let a = q + -129. What are the prime factors of a?
2, 7, 19
Suppose 4*x - 17*y = -19*y + 12886, -17*x + 54839 = -2*y. List the prime factors of x.
3, 5, 43
Let v(h) = -4*h**2 + 2*h - 2. Let k be v(2). Let x(g) = -g**3 + 63*g**2 + 9*g - 387. Let t be x(63). Let a = t + k. What are the prime factors of a?
2, 83
Let l be (0*(-1 - 0))/(-2). Suppose q - 2*v - 431 = l, 8*q + v - 2177 = 3*q. List the prime factors of q.
3, 5, 29
Let o be (2 + (-56)/6)/(7/(-126)). What are the prime factors of o*((-3)/(-4) + (-28)/(-112))?
2, 3, 11
Wha